 8 + d. Calculate the highest common factor of q and 30.
6
Let t(u) = -7*u - 24. Let i be t(-6). What is the highest common divisor of 150 and i?
6
Let q be ((-102)/18 + 5)*-9. Suppose -q*g = 4*g - 1560. What is the highest common divisor of 52 and g?
52
Suppose 150 = 2*n + 5*w, 0*w - 225 = -3*n - 3*w. Calculate the highest common divisor of n and 30.
15
Suppose -4*i - l = -13, -4*i - i = -5*l + 15. Suppose 5*n - 53 = 3*y, i*n - 3 = -y + 16. Calculate the highest common divisor of n and 70.
10
Let x = -601 + 946. What is the greatest common divisor of x and 30?
15
Let j(p) = p**3 + 4*p**2 + 6. Suppose -4*s - 4*o = 15 - 3, 0 = o - 1. Let g be j(s). What is the highest common divisor of g and 114?
6
Suppose g - j = -9, -2*j = 2 - 0. Let d be 3606/15 - (-4)/g. Suppose 3*i = -0*i + d. What is the greatest common factor of i and 10?
10
Let p = -26 + 71. Let b = 12 + -3. Calculate the highest common factor of b and p.
9
Let a(g) = g**3 - 13*g**2 + 44*g - 17. Let o be a(5). What is the highest common factor of 117 and o?
3
Let s = 105 + -62. Let a = s - -14. Calculate the greatest common factor of a and 3.
3
Let r(b) = 7*b**2 + 23*b - 36. Let y be r(4). Calculate the greatest common divisor of 72 and y.
24
Suppose 5*a = 3*o + 595, 5*o + 4 - 29 = 0. Suppose -5*x + 28 = -a. What is the greatest common divisor of x and 24?
6
Let d(u) = 3*u**2 - 19*u + 57. Let i be d(3). Calculate the highest common factor of i and 9.
9
Suppose k = -3*u - 5, -3*u + 2*k = 5 - 15. Let t be (-1 - 0/2)*-2. Suppose g + u - t = -3*j, -5*j = 5. What is the highest common divisor of g and 35?
5
Let i(t) = t - t + 4*t + 3 - 5. Let n be i(1). Calculate the greatest common divisor of 2 and n.
2
Suppose -2*q = -2*c - 12, -4*c + 6 = 4*q - 42. Calculate the greatest common divisor of q and 162.
9
Let u(x) = -x**2 - 77*x - 486. Let p be u(-7). Let k(q) = -q - 2. Let g be k(-4). Let i be -2 + g + 46 + -2. Calculate the highest common factor of p and i.
4
Let r be ((-10)/7 + 2)/((-2)/(-7)). Calculate the highest common divisor of 38 and r.
2
Let l = 144 + -88. Let m = -52 + l. Calculate the greatest common factor of 2 and m.
2
Let w(h) = -6*h + 52. Let s be w(7). Calculate the greatest common divisor of 390 and s.
10
Let l = -353 + 368. What is the greatest common divisor of 20 and l?
5
Suppose -104 - 80 = 4*l + 3*c, -2*l + 3*c - 74 = 0. Let n(v) = 5*v**2 + 2*v - 5. Let y be n(-4). Let b = l + y. What is the highest common factor of b and 4?
4
Suppose 5*f - 14069 = -2109. Calculate the greatest common factor of 23 and f.
23
Suppose 4*r + 0*r = -x + 43, 5*x = 5*r - 35. Suppose -2*l - 5*a = -37 + r, 3*l + 12 = 3*a. What is the greatest common factor of 8 and l?
1
Let n = 191 + -162. What is the greatest common divisor of n and 261?
29
Let m = 6 - 2. Suppose 2*o = -3*o - 0*o. Let g be 12 - (-1)/4*o. Calculate the greatest common divisor of m and g.
4
Let x = 29 - 24. Suppose 3*u = 3*i + 45, -x*i - 4 = -i. Calculate the highest common factor of 14 and u.
14
Suppose -5*h + 11*h - 174 = 0. Let s be h/1 + 3 + 0. Calculate the greatest common divisor of s and 4.
4
Let t(b) = b**2 - b - 2. Let c be t(4). Suppose -5*a - 50 = -5*k, a - 2*a = k - 12. Let l be (k + -1)/(6/18). Calculate the highest common factor of c and l.
10
Let n be 18/(-15)*-5 + 4. Suppose 12*u - 17*u + 200 = 0. What is the greatest common divisor of u and n?
10
Let g be 42/(11/66*(9 + 0)). Let r(f) = f**2 - f + 70. Let c be r(0). Calculate the highest common divisor of g and c.
14
Suppose -z - 2*d = -42, 0*z + z - d - 48 = 0. Suppose 14*s - 3*s - 759 = 0. Calculate the greatest common divisor of z and s.
23
Let n(d) = -d**2 + 27*d + 57. Let c be n(28). What is the highest common factor of c and 899?
29
Suppose 0 = 6*x - 9*x - 60. Let j = -9 - x. Calculate the greatest common factor of 253 and j.
11
Let y(m) = 3*m**3 - 4*m**2 - 3*m - 17. Let q be y(5). Calculate the highest common divisor of 567 and q.
81
Let f(c) = -c**3 + 9*c**2 - 11*c + 5. Let g be f(7). Let l be (-4)/(3 + 4 + -6). Let j = l + g. What is the greatest common factor of j and 11?
11
Let n be (-25 - (-12 + 4))*-39. What is the greatest common divisor of 78 and n?
39
Suppose -118*w + 2*g = -115*w - 178, -g = w - 51. What is the highest common factor of w and 154?
14
Let r = 9 + -5. Suppose n + r*n = 125. Suppose 2*b - n = 21. What is the highest common factor of 207 and b?
23
Suppose 6*g + 269 - 305 = 0. What is the greatest common factor of g and 54?
6
Let b(t) = -146*t - 67. Let z be b(-3). Calculate the greatest common factor of z and 53.
53
Suppose 69 = 3*x - 123. Let g = x - 35. Suppose -2*s + g = 4*m - 5*s, 3*m - 53 = -4*s. Calculate the highest common factor of 99 and m.
11
Let r be (11 + 44)/(-5) - -491. Calculate the greatest common divisor of 660 and r.
60
Let d be 3/(-12) - (-6)/(-8). Let k be (1 - 2) + (-3)/d. Calculate the highest common factor of 3 and k.
1
Let w = -25 + 28. Let c(a) = a. Let h be c(-11). Let v = h + 14. What is the greatest common factor of w and v?
3
Let b(j) = j**2 + 11. Let w be b(0). Calculate the greatest common divisor of 209 and w.
11
Suppose -1 = o - 5. Let p(z) = -18*z + 73. Let r be p(4). Calculate the highest common factor of r and o.
1
Suppose 0 = -2*v + 8 - 4. Let i(p) = -p**3 - 2*p + p + 12*p**v - 12*p + 5. Let h be i(10). Calculate the greatest common divisor of h and 25.
25
Let g be 2/(-8) - ((-283)/(-4) + 5). Let q = -1 - g. What is the greatest common divisor of q and 15?
15
Let u(k) = -3*k**3 + 38*k**2 + 43*k - 11. Let t be u(10). Calculate the greatest common divisor of t and 46.
23
Let c be (-4)/12*138/(-2). Let s = 42 - c. What is the highest common factor of s and 95?
19
Suppose -7*r + 2631 = -2*r + 4*s, -3*r = 2*s - 1579. Calculate the greatest common divisor of 17 and r.
17
Suppose -5*v + 3*d = -4709, -3*v + 62*d - 64*d + 2833 = 0. What is the highest common factor of v and 123?
41
Let v be (60/(-14))/(2/(-28)). Let o be (-63)/6*(-96)/84. Calculate the greatest common divisor of o and v.
12
Suppose -q + 5*q - 208 = 0. Calculate the highest common factor of q and 1300.
52
Let o(d) = -d**2 - 6*d + 68. Let y be o(-10). What is the greatest common divisor of y and 238?
14
Let p be (-2 + -1 - -1)/(-1). Let m be p + (-2 - (-8 + 3)). Suppose 101 = m*x + 31. What is the highest common factor of x and 2?
2
Suppose -15*u + 119 = 44. Suppose u*g = -2*k + 57, k - 2 = g + 16. Suppose 5*j = 2*p + p - 57, p - 23 = 3*j. What is the highest common factor of k and p?
7
Suppose 3*k + 2*y = 4*y - 50, 5*k = -3*y - 115. Let u = -18 - k. Let x be (-22)/5*(-5)/u. What is the greatest common divisor of 77 and x?
11
Suppose -4*b + 216 = -3*i + 6*i, -2*i + b = -155. Calculate the highest common factor of 418 and i.
38
Let f = -47 + 35. Let g be (f/2)/(3 + -5). Suppose 0*h - h - 4*q = 3, -4*q = g*h - 7. Calculate the highest common divisor of 35 and h.
5
Let v be (-53)/(-5) + -1*(-8)/20. Calculate the highest common divisor of 88 and v.
11
Suppose 6*k + 39 = 7*k. Let b = k - 25. What is the highest common factor of b and 98?
14
Let a be (-390)/(-6) + -1 + 3. Let x = a + -48. Let c = x + -11. Calculate the greatest common divisor of 64 and c.
8
Suppose 9*k - 2087 = 370. What is the greatest common divisor of 78 and k?
39
Suppose -30*x = -80*x + 6750. Let y = -27 - -54. Calculate the highest common divisor of x and y.
27
Let g be ((-2)/(-4))/((-3)/(-5 + 11)). Let h(z) = -24*z - 1. Let o be h(g). Calculate the highest common factor of 184 and o.
23
Let v = 139 - 137. Let l be 175/(-75)*1/(v/(-12)). What is the greatest common factor of l and 28?
14
Let a be (4*(-1 - (-18)/8))/1. Suppose -p = -c - 46, a*p - 8*c + 5*c = 230. Calculate the greatest common factor of p and 506.
46
Let s(q) = 3*q**2 - q + 1. Let i be s(1). Suppose 5*o - 12 = i*o. Let f(n) = 6*n + 54. Let w be f(-6). What is the greatest common factor of w and o?
6
Suppose 18*w = 150 + 984. What is the greatest common factor of w and 72?
9
Let m = -9 + 13. Let l be m*18/120 + 972/5. What is the greatest common factor of 15 and l?
15
Let a(j) be the first derivative of -j**2 + 10*j + 5. Let r be a(7). Let y be (r/6)/(1/(-21)). Calculate the greatest common divisor of y and 28.
14
Let z = 0 - -3. Let n(h) = 12*h - z + 0 + 31*h + 5. Let r be n(2). What is the greatest common fa